{"id":3196,"date":"2022-02-05T18:14:12","date_gmt":"2022-02-05T18:14:12","guid":{"rendered":"https:\/\/www.semjoncontemporary.com\/2022\/?post_type=kunst&#038;p=3196"},"modified":"2022-02-06T16:06:24","modified_gmt":"2022-02-06T16:06:24","slug":"fotografie-3","status":"publish","type":"kunst","link":"https:\/\/www.semjoncontemporary.com\/2022\/en\/kunst\/fotografie-3\/","title":{"rendered":"Fotografie"},"content":{"rendered":"<p>[et_pb_section fb_built=&#8220;1&#8243; admin_label=&#8220;section&#8220; _builder_version=&#8220;3.22&#8243; global_colors_info=&#8220;{}&#8220;][et_pb_row admin_label=&#8220;row&#8220; _builder_version=&#8220;3.25&#8243; background_size=&#8220;initial&#8220; background_position=&#8220;top_left&#8220; background_repeat=&#8220;repeat&#8220; global_colors_info=&#8220;{}&#8220;][et_pb_column type=&#8220;4_4&#8243; _builder_version=&#8220;3.25&#8243; custom_padding=&#8220;|||&#8220; global_colors_info=&#8220;{}&#8220; custom_padding__hover=&#8220;|||&#8220;][et_pb_gallery gallery_ids=&#8220;3129,3128,3199,3198,3126&#8243; posts_number=&#8220;24&#8243; _builder_version=&#8220;4.14.7&#8243; _module_preset=&#8220;default&#8220; global_colors_info=&#8220;{}&#8220;][\/et_pb_gallery][et_pb_text _builder_version=&#8220;4.14.7&#8243; _module_preset=&#8220;default&#8220; hover_enabled=&#8220;0&#8243; sticky_enabled=&#8220;0&#8243;]<\/p>\n<p><strong>Fotografie \u2013 die Quelle der meisten Werkgruppen<\/strong><\/p>\n<p>Die vielf\u00e4ltigen Motive in seinen verschiedenen Werkgruppen schlagen auch den Bogen zu den Anf\u00e4ngen seines k\u00fcnstlerischen Schaffens, als Stefan Thiel in den 80er und 90er Jahren Student bei Dieter Appelt in der Hochschule der K\u00fcnste zu Berlin war.<\/p>\n<p>Die Fotografie hat Stefan Thiel Zeit seines k\u00fcnstlerischen Lebens begleitet, ist aber zu Unrecht selten in den Vordergrund ger\u00fcckt worden, weil die von ihr ableitenden Disziplinen in seinem \u0152uvre, insbesondere der Papierschnitt mit seinen vielf\u00e4ltigen Werkgruppen, die Kunstfreund:innen in den Bann gezogen haben.<\/p>\n<p>[\/et_pb_text][\/et_pb_column][\/et_pb_row][\/et_pb_section]<\/p>\n","protected":false},"featured_media":3199,"parent":0,"menu_order":9,"template":"","meta":{"_acf_changed":false,"_et_pb_use_builder":"on","_et_pb_old_content":"","_et_gb_content_width":""},"categories":[93],"class_list":["post-3196","kunst","type-kunst","status-publish","has-post-thumbnail","hentry","category-stefan-thiel-werkgruppen"],"acf":[],"yoast_head":"<!-- This site is optimized with the Yoast SEO plugin v27.5 - https:\/\/yoast.com\/product\/yoast-seo-wordpress\/ -->\n<title>Fotografie - Semjon Contemporary<\/title>\n<meta name=\"robots\" content=\"index, follow, max-snippet:-1, max-image-preview:large, max-video-preview:-1\" \/>\n<link rel=\"canonical\" href=\"https:\/\/www.semjoncontemporary.com\/2022\/en\/kunst\/fotografie-3\/\" \/>\n<meta property=\"og:locale\" content=\"en_US\" \/>\n<meta property=\"og:type\" content=\"article\" \/>\n<meta property=\"og:title\" content=\"Fotografie - Semjon Contemporary\" \/>\n<meta property=\"og:description\" content=\"Fotografie \u2013 die Quelle der meisten Werkgruppen Die vielf\u00e4ltigen Motive in seinen verschiedenen Werkgruppen schlagen auch den Bogen zu den Anf\u00e4ngen seines k\u00fcnstlerischen Schaffens, als Stefan Thiel in den 80er und 90er Jahren Student bei Dieter Appelt in der Hochschule der K\u00fcnste zu Berlin war. Die Fotografie hat Stefan Thiel Zeit seines k\u00fcnstlerischen Lebens begleitet, [&hellip;]\" \/>\n<meta property=\"og:url\" content=\"https:\/\/www.semjoncontemporary.com\/2022\/en\/kunst\/fotografie-3\/\" \/>\n<meta property=\"og:site_name\" content=\"Semjon Contemporary\" \/>\n<meta property=\"article:publisher\" content=\"https:\/\/www.facebook.com\/semjon\/\" \/>\n<meta property=\"article:modified_time\" content=\"2022-02-06T16:06:24+00:00\" \/>\n<meta property=\"og:image\" content=\"https:\/\/www.semjoncontemporary.com\/2022\/wp-content\/uploads\/2022\/02\/vitrine1a_ST_2000.jpg\" \/>\n\t<meta property=\"og:image:width\" content=\"2000\" \/>\n\t<meta property=\"og:image:height\" content=\"1365\" \/>\n\t<meta property=\"og:image:type\" content=\"image\/jpeg\" \/>\n<meta name=\"twitter:card\" content=\"summary_large_image\" \/>\n<meta name=\"twitter:label1\" content=\"Est. reading time\" \/>\n\t<meta name=\"twitter:data1\" content=\"1 minute\" \/>\n<script type=\"application\/ld+json\" class=\"yoast-schema-graph\">{\"@context\":\"https:\\\/\\\/schema.org\",\"@graph\":[{\"@type\":\"WebPage\",\"@id\":\"https:\\\/\\\/www.semjoncontemporary.com\\\/2022\\\/kunst\\\/fotografie-3\\\/\",\"url\":\"https:\\\/\\\/www.semjoncontemporary.com\\\/2022\\\/kunst\\\/fotografie-3\\\/\",\"name\":\"Fotografie - Semjon Contemporary\",\"isPartOf\":{\"@id\":\"https:\\\/\\\/www.semjoncontemporary.com\\\/2022\\\/#website\"},\"primaryImageOfPage\":{\"@id\":\"https:\\\/\\\/www.semjoncontemporary.com\\\/2022\\\/kunst\\\/fotografie-3\\\/#primaryimage\"},\"image\":{\"@id\":\"https:\\\/\\\/www.semjoncontemporary.com\\\/2022\\\/kunst\\\/fotografie-3\\\/#primaryimage\"},\"thumbnailUrl\":\"https:\\\/\\\/www.semjoncontemporary.com\\\/2022\\\/wp-content\\\/uploads\\\/2022\\\/02\\\/vitrine1a_ST_2000.jpg\",\"datePublished\":\"2022-02-05T18:14:12+00:00\",\"dateModified\":\"2022-02-06T16:06:24+00:00\",\"breadcrumb\":{\"@id\":\"https:\\\/\\\/www.semjoncontemporary.com\\\/2022\\\/kunst\\\/fotografie-3\\\/#breadcrumb\"},\"inLanguage\":\"en-US\",\"potentialAction\":[{\"@type\":\"ReadAction\",\"target\":[\"https:\\\/\\\/www.semjoncontemporary.com\\\/2022\\\/kunst\\\/fotografie-3\\\/\"]}]},{\"@type\":\"ImageObject\",\"inLanguage\":\"en-US\",\"@id\":\"https:\\\/\\\/www.semjoncontemporary.com\\\/2022\\\/kunst\\\/fotografie-3\\\/#primaryimage\",\"url\":\"https:\\\/\\\/www.semjoncontemporary.com\\\/2022\\\/wp-content\\\/uploads\\\/2022\\\/02\\\/vitrine1a_ST_2000.jpg\",\"contentUrl\":\"https:\\\/\\\/www.semjoncontemporary.com\\\/2022\\\/wp-content\\\/uploads\\\/2022\\\/02\\\/vitrine1a_ST_2000.jpg\",\"width\":2000,\"height\":1365},{\"@type\":\"BreadcrumbList\",\"@id\":\"https:\\\/\\\/www.semjoncontemporary.com\\\/2022\\\/kunst\\\/fotografie-3\\\/#breadcrumb\",\"itemListElement\":[{\"@type\":\"ListItem\",\"position\":1,\"name\":\"Startseite\",\"item\":\"https:\\\/\\\/www.semjoncontemporary.com\\\/2022\\\/\"},{\"@type\":\"ListItem\",\"position\":2,\"name\":\"Fotografie\"}]},{\"@type\":\"WebSite\",\"@id\":\"https:\\\/\\\/www.semjoncontemporary.com\\\/2022\\\/#website\",\"url\":\"https:\\\/\\\/www.semjoncontemporary.com\\\/2022\\\/\",\"name\":\"Semjon Contemporary\",\"description\":\"Galerie f\u00fcr zeitgen\u00f6ssische Kunst\",\"publisher\":{\"@id\":\"https:\\\/\\\/www.semjoncontemporary.com\\\/2022\\\/#organization\"},\"potentialAction\":[{\"@type\":\"SearchAction\",\"target\":{\"@type\":\"EntryPoint\",\"urlTemplate\":\"https:\\\/\\\/www.semjoncontemporary.com\\\/2022\\\/?s={search_term_string}\"},\"query-input\":{\"@type\":\"PropertyValueSpecification\",\"valueRequired\":true,\"valueName\":\"search_term_string\"}}],\"inLanguage\":\"en-US\"},{\"@type\":\"Organization\",\"@id\":\"https:\\\/\\\/www.semjoncontemporary.com\\\/2022\\\/#organization\",\"name\":\"Semjon Contemporary\",\"url\":\"https:\\\/\\\/www.semjoncontemporary.com\\\/2022\\\/\",\"logo\":{\"@type\":\"ImageObject\",\"inLanguage\":\"en-US\",\"@id\":\"https:\\\/\\\/www.semjoncontemporary.com\\\/2022\\\/#\\\/schema\\\/logo\\\/image\\\/\",\"url\":\"https:\\\/\\\/www.semjoncontemporary.com\\\/2022\\\/wp-content\\\/uploads\\\/2021\\\/11\\\/SC-logo.png\",\"contentUrl\":\"https:\\\/\\\/www.semjoncontemporary.com\\\/2022\\\/wp-content\\\/uploads\\\/2021\\\/11\\\/SC-logo.png\",\"width\":2221,\"height\":512,\"caption\":\"Semjon Contemporary\"},\"image\":{\"@id\":\"https:\\\/\\\/www.semjoncontemporary.com\\\/2022\\\/#\\\/schema\\\/logo\\\/image\\\/\"},\"sameAs\":[\"https:\\\/\\\/www.facebook.com\\\/semjon\\\/\",\"https:\\\/\\\/www.instagram.com\\\/semjoncontemporary\"]}]}<\/script>\n<!-- \/ Yoast SEO plugin. -->","yoast_head_json":{"title":"Fotografie - Semjon Contemporary","robots":{"index":"index","follow":"follow","max-snippet":"max-snippet:-1","max-image-preview":"max-image-preview:large","max-video-preview":"max-video-preview:-1"},"canonical":"https:\/\/www.semjoncontemporary.com\/2022\/en\/kunst\/fotografie-3\/","og_locale":"en_US","og_type":"article","og_title":"Fotografie - Semjon Contemporary","og_description":"Fotografie \u2013 die Quelle der meisten Werkgruppen Die vielf\u00e4ltigen Motive in seinen verschiedenen Werkgruppen schlagen auch den Bogen zu den Anf\u00e4ngen seines k\u00fcnstlerischen Schaffens, als Stefan Thiel in den 80er und 90er Jahren Student bei Dieter Appelt in der Hochschule der K\u00fcnste zu Berlin war. Die Fotografie hat Stefan Thiel Zeit seines k\u00fcnstlerischen Lebens begleitet, [&hellip;]","og_url":"https:\/\/www.semjoncontemporary.com\/2022\/en\/kunst\/fotografie-3\/","og_site_name":"Semjon Contemporary","article_publisher":"https:\/\/www.facebook.com\/semjon\/","article_modified_time":"2022-02-06T16:06:24+00:00","og_image":[{"width":2000,"height":1365,"url":"https:\/\/www.semjoncontemporary.com\/2022\/wp-content\/uploads\/2022\/02\/vitrine1a_ST_2000.jpg","type":"image\/jpeg"}],"twitter_card":"summary_large_image","twitter_misc":{"Est. reading time":"1 minute"},"schema":{"@context":"https:\/\/schema.org","@graph":[{"@type":"WebPage","@id":"https:\/\/www.semjoncontemporary.com\/2022\/kunst\/fotografie-3\/","url":"https:\/\/www.semjoncontemporary.com\/2022\/kunst\/fotografie-3\/","name":"Fotografie - Semjon Contemporary","isPartOf":{"@id":"https:\/\/www.semjoncontemporary.com\/2022\/#website"},"primaryImageOfPage":{"@id":"https:\/\/www.semjoncontemporary.com\/2022\/kunst\/fotografie-3\/#primaryimage"},"image":{"@id":"https:\/\/www.semjoncontemporary.com\/2022\/kunst\/fotografie-3\/#primaryimage"},"thumbnailUrl":"https:\/\/www.semjoncontemporary.com\/2022\/wp-content\/uploads\/2022\/02\/vitrine1a_ST_2000.jpg","datePublished":"2022-02-05T18:14:12+00:00","dateModified":"2022-02-06T16:06:24+00:00","breadcrumb":{"@id":"https:\/\/www.semjoncontemporary.com\/2022\/kunst\/fotografie-3\/#breadcrumb"},"inLanguage":"en-US","potentialAction":[{"@type":"ReadAction","target":["https:\/\/www.semjoncontemporary.com\/2022\/kunst\/fotografie-3\/"]}]},{"@type":"ImageObject","inLanguage":"en-US","@id":"https:\/\/www.semjoncontemporary.com\/2022\/kunst\/fotografie-3\/#primaryimage","url":"https:\/\/www.semjoncontemporary.com\/2022\/wp-content\/uploads\/2022\/02\/vitrine1a_ST_2000.jpg","contentUrl":"https:\/\/www.semjoncontemporary.com\/2022\/wp-content\/uploads\/2022\/02\/vitrine1a_ST_2000.jpg","width":2000,"height":1365},{"@type":"BreadcrumbList","@id":"https:\/\/www.semjoncontemporary.com\/2022\/kunst\/fotografie-3\/#breadcrumb","itemListElement":[{"@type":"ListItem","position":1,"name":"Startseite","item":"https:\/\/www.semjoncontemporary.com\/2022\/"},{"@type":"ListItem","position":2,"name":"Fotografie"}]},{"@type":"WebSite","@id":"https:\/\/www.semjoncontemporary.com\/2022\/#website","url":"https:\/\/www.semjoncontemporary.com\/2022\/","name":"Semjon Contemporary","description":"Galerie f\u00fcr zeitgen\u00f6ssische Kunst","publisher":{"@id":"https:\/\/www.semjoncontemporary.com\/2022\/#organization"},"potentialAction":[{"@type":"SearchAction","target":{"@type":"EntryPoint","urlTemplate":"https:\/\/www.semjoncontemporary.com\/2022\/?s={search_term_string}"},"query-input":{"@type":"PropertyValueSpecification","valueRequired":true,"valueName":"search_term_string"}}],"inLanguage":"en-US"},{"@type":"Organization","@id":"https:\/\/www.semjoncontemporary.com\/2022\/#organization","name":"Semjon Contemporary","url":"https:\/\/www.semjoncontemporary.com\/2022\/","logo":{"@type":"ImageObject","inLanguage":"en-US","@id":"https:\/\/www.semjoncontemporary.com\/2022\/#\/schema\/logo\/image\/","url":"https:\/\/www.semjoncontemporary.com\/2022\/wp-content\/uploads\/2021\/11\/SC-logo.png","contentUrl":"https:\/\/www.semjoncontemporary.com\/2022\/wp-content\/uploads\/2021\/11\/SC-logo.png","width":2221,"height":512,"caption":"Semjon Contemporary"},"image":{"@id":"https:\/\/www.semjoncontemporary.com\/2022\/#\/schema\/logo\/image\/"},"sameAs":["https:\/\/www.facebook.com\/semjon\/","https:\/\/www.instagram.com\/semjoncontemporary"]}]}},"_links":{"self":[{"href":"https:\/\/www.semjoncontemporary.com\/2022\/en\/wp-json\/wp\/v2\/kunst\/3196","targetHints":{"allow":["GET"]}}],"collection":[{"href":"https:\/\/www.semjoncontemporary.com\/2022\/en\/wp-json\/wp\/v2\/kunst"}],"about":[{"href":"https:\/\/www.semjoncontemporary.com\/2022\/en\/wp-json\/wp\/v2\/types\/kunst"}],"wp:featuredmedia":[{"embeddable":true,"href":"https:\/\/www.semjoncontemporary.com\/2022\/en\/wp-json\/wp\/v2\/media\/3199"}],"wp:attachment":[{"href":"https:\/\/www.semjoncontemporary.com\/2022\/en\/wp-json\/wp\/v2\/media?parent=3196"}],"wp:term":[{"taxonomy":"category","embeddable":true,"href":"https:\/\/www.semjoncontemporary.com\/2022\/en\/wp-json\/wp\/v2\/categories?post=3196"}],"curies":[{"name":"wp","href":"https:\/\/api.w.org\/{rel}","templated":true}]}}

<p>[et_pb_section fb_built=&#8220;1&#8243; admin_label=&#8220;section&#8220; _builder_version=&#8220;3.22&#8243; global_colors_info=&#8220;{}&#8220;][et_pb_row admin_label=&#8220;row&#8220; _builder_version=&#8220;3.25&#8243; background_size=&#8220;initial&#8220; background_position=&#8220;top_left&#8220; background_repeat=&#8220;repeat&#8220; global_colors_info=&#8220;{}&#8220;][et_pb_column type=&#8220;4_4&#8243; _builder_version=&#8220;3.25&#8243; custom_padding=&#8220;|||&#8220; global_colors_info=&#8220;{}&#8220; custom_padding__hover=&#8220;|||&#8220;][et_pb_gallery gallery_ids=&#8220;3129,3128,3199,3198,3126&#8243; posts_number=&#8220;24&#8243; _builder_version=&#8220;4.14.7&#8243; _module_preset=&#8220;default&#8220; global_colors_info=&#8220;{}&#8220;][/et_pb_gallery][et_pb_text _builder_version=&#8220;4.14.7&#8243; _module_preset=&#8220;default&#8220; hover_enabled=&#8220;0&#8243; sticky_enabled=&#8220;0&#8243;]</p>
<p><strong>Fotografie – die Quelle der meisten Werkgruppen</strong></p>
<p>Die vielfältigen Motive in seinen verschiedenen Werkgruppen schlagen auch den Bogen zu den Anfängen seines künstlerischen Schaffens, als Stefan Thiel in den 80er und 90er Jahren Student bei Dieter Appelt in der Hochschule der Künste zu Berlin war.</p>
<p>Die Fotografie hat Stefan Thiel Zeit seines künstlerischen Lebens begleitet, ist aber zu Unrecht selten in den Vordergrund gerückt worden, weil die von ihr ableitenden Disziplinen in seinem Œuvre, insbesondere der Papierschnitt mit seinen vielfältigen Werkgruppen, die Kunstfreund:innen in den Bann gezogen haben.</p>
<p>[/et_pb_text][/et_pb_column][/et_pb_row][/et_pb_section]</p>

<!-- This site is optimized with the Yoast SEO plugin v27.5 - https://yoast.com/product/yoast-seo-wordpress/ -->
<title>Fotografie - Semjon Contemporary</title>
<meta name="robots" content="index, follow, max-snippet:-1, max-image-preview:large, max-video-preview:-1" />
<link rel="canonical" href="https://www.semjoncontemporary.com/2022/en/kunst/fotografie-3/" />
<meta property="og:locale" content="en_US" />
<meta property="og:type" content="article" />
<meta property="og:title" content="Fotografie - Semjon Contemporary" />
<meta property="og:description" content="Fotografie – die Quelle der meisten Werkgruppen Die vielfältigen Motive in seinen verschiedenen Werkgruppen schlagen auch den Bogen zu den Anfängen seines künstlerischen Schaffens, als Stefan Thiel in den 80er und 90er Jahren Student bei Dieter Appelt in der Hochschule der Künste zu Berlin war. Die Fotografie hat Stefan Thiel Zeit seines künstlerischen Lebens begleitet, [&hellip;]" />
<meta property="og:url" content="https://www.semjoncontemporary.com/2022/en/kunst/fotografie-3/" />
<meta property="og:site_name" content="Semjon Contemporary" />
<meta property="article:publisher" content="https://www.facebook.com/semjon/" />
<meta property="article:modified_time" content="2022-02-06T16:06:24+00:00" />
<meta property="og:image" content="https://www.semjoncontemporary.com/2022/wp-content/uploads/2022/02/vitrine1a_ST_2000.jpg" />
	<meta property="og:image:width" content="2000" />
	<meta property="og:image:height" content="1365" />
	<meta property="og:image:type" content="image/jpeg" />
<meta name="twitter:card" content="summary_large_image" />
<meta name="twitter:label1" content="Est. reading time" />
	<meta name="twitter:data1" content="1 minute" />
<script type="application/ld+json" class="yoast-schema-graph">{"@context":"https:\/\/schema.org","@graph":[{"@type":"WebPage","@id":"https:\/\/www.semjoncontemporary.com\/2022\/kunst\/fotografie-3\/","url":"https:\/\/www.semjoncontemporary.com\/2022\/kunst\/fotografie-3\/","name":"Fotografie - Semjon Contemporary","isPartOf":{"@id":"https:\/\/www.semjoncontemporary.com\/2022\/#website"},"primaryImageOfPage":{"@id":"https:\/\/www.semjoncontemporary.com\/2022\/kunst\/fotografie-3\/#primaryimage"},"image":{"@id":"https:\/\/www.semjoncontemporary.com\/2022\/kunst\/fotografie-3\/#primaryimage"},"thumbnailUrl":"https:\/\/www.semjoncontemporary.com\/2022\/wp-content\/uploads\/2022\/02\/vitrine1a_ST_2000.jpg","datePublished":"2022-02-05T18:14:12+00:00","dateModified":"2022-02-06T16:06:24+00:00","breadcrumb":{"@id":"https:\/\/www.semjoncontemporary.com\/2022\/kunst\/fotografie-3\/#breadcrumb"},"inLanguage":"en-US","potentialAction":[{"@type":"ReadAction","target":["https:\/\/www.semjoncontemporary.com\/2022\/kunst\/fotografie-3\/"]}]},{"@type":"ImageObject","inLanguage":"en-US","@id":"https:\/\/www.semjoncontemporary.com\/2022\/kunst\/fotografie-3\/#primaryimage","url":"https:\/\/www.semjoncontemporary.com\/2022\/wp-content\/uploads\/2022\/02\/vitrine1a_ST_2000.jpg","contentUrl":"https:\/\/www.semjoncontemporary.com\/2022\/wp-content\/uploads\/2022\/02\/vitrine1a_ST_2000.jpg","width":2000,"height":1365},{"@type":"BreadcrumbList","@id":"https:\/\/www.semjoncontemporary.com\/2022\/kunst\/fotografie-3\/#breadcrumb","itemListElement":[{"@type":"ListItem","position":1,"name":"Startseite","item":"https:\/\/www.semjoncontemporary.com\/2022\/"},{"@type":"ListItem","position":2,"name":"Fotografie"}]},{"@type":"WebSite","@id":"https:\/\/www.semjoncontemporary.com\/2022\/#website","url":"https:\/\/www.semjoncontemporary.com\/2022\/","name":"Semjon Contemporary","description":"Galerie für zeitgenössische Kunst","publisher":{"@id":"https:\/\/www.semjoncontemporary.com\/2022\/#organization"},"potentialAction":[{"@type":"SearchAction","target":{"@type":"EntryPoint","urlTemplate":"https:\/\/www.semjoncontemporary.com\/2022\/?s={search_term_string}"},"query-input":{"@type":"PropertyValueSpecification","valueRequired":true,"valueName":"search_term_string"}}],"inLanguage":"en-US"},{"@type":"Organization","@id":"https:\/\/www.semjoncontemporary.com\/2022\/#organization","name":"Semjon Contemporary","url":"https:\/\/www.semjoncontemporary.com\/2022\/","logo":{"@type":"ImageObject","inLanguage":"en-US","@id":"https:\/\/www.semjoncontemporary.com\/2022\/#\/schema\/logo\/image\/","url":"https:\/\/www.semjoncontemporary.com\/2022\/wp-content\/uploads\/2021\/11\/SC-logo.png","contentUrl":"https:\/\/www.semjoncontemporary.com\/2022\/wp-content\/uploads\/2021\/11\/SC-logo.png","width":2221,"height":512,"caption":"Semjon Contemporary"},"image":{"@id":"https:\/\/www.semjoncontemporary.com\/2022\/#\/schema\/logo\/image\/"},"sameAs":["https:\/\/www.facebook.com\/semjon\/","https:\/\/www.instagram.com\/semjoncontemporary"]}]}</script>
<!-- / Yoast SEO plugin. -->

Fotografie – die Quelle der meisten Werkgruppen Die vielfältigen Motive in seinen verschiedenen Werkgruppen schlagen auch den Bogen zu den Anfängen seines künstlerischen Schaffens, als Stefan Thiel in den 80er und 90er Jahren Student bei Dieter Appelt in der Hochschule der Künste zu Berlin war. Die Fotografie hat Stefan Thiel Zeit seines künstlerischen Lebens begleitet, [&hellip;]

Galerie für zeitgenössische Kunst
