{"id":7324,"date":"2026-05-02T08:20:51","date_gmt":"2026-05-02T08:20:51","guid":{"rendered":"https:\/\/www.semjoncontemporary.com\/2022\/?post_type=ausstellungen&#038;p=7324"},"modified":"2026-05-02T08:26:01","modified_gmt":"2026-05-02T08:26:01","slug":"7324-2","status":"publish","type":"ausstellungen","link":"https:\/\/www.semjoncontemporary.com\/2022\/en\/ausstellungen\/7324-2\/","title":{"rendered":"2026 \u2013 Maria Volokhova"},"content":{"rendered":"<p>[et_pb_section fb_built=&#8220;1&#8243; admin_label=&#8220;section&#8220; _builder_version=&#8220;4.16&#8243; global_colors_info=&#8220;{}&#8220;][et_pb_row admin_label=&#8220;row&#8220; _builder_version=&#8220;4.16&#8243; background_size=&#8220;initial&#8220; background_position=&#8220;top_left&#8220; background_repeat=&#8220;repeat&#8220; global_colors_info=&#8220;{}&#8220;][et_pb_column type=&#8220;4_4&#8243; _builder_version=&#8220;4.16&#8243; custom_padding=&#8220;|||&#8220; global_colors_info=&#8220;{}&#8220; custom_padding__hover=&#8220;|||&#8220;][et_pb_gallery gallery_ids=&#8220;7246,7247,7245&#8243; _builder_version=&#8220;4.27.6&#8243; _module_preset=&#8220;default&#8220; global_colors_info=&#8220;{}&#8220;][\/et_pb_gallery][et_pb_text _builder_version=&#8220;4.27.6&#8243; _module_preset=&#8220;default&#8220; global_colors_info=&#8220;{}&#8220;]<\/p>\n<p><em><strong>Maria Volokhova: Hope\/ Nadija<\/strong><\/em><br \/>2.5. \u2013 13.6.2026<br \/>Er\u00f6ffnung | Opening: Freitag, 1. Mai, 19 Uhr<\/p>\n<p>*Ein Teilerl\u00f6s geht an <em>Starenki<\/em>, einem Hilfsprojekt, das alleinstehende<br \/>\u00e4ltere Menschen in der Ukraine unterstu\u0308tzt.<br \/>A portion of the proceeds will go to <em>Starenki<\/em>, an aid project that<br \/>supports elderly people living alone in Ukraine.<\/p>\n<p><strong>Pressetext<br \/><\/strong><strong>Press release<br \/>CV<\/strong><\/p>\n<p><a href=\"https:\/\/www.semjoncontemporary.com\/2022\/wp-content\/uploads\/2026\/04\/Maria-Volokhova_Projektidee_Nadija_k.pdf\"><strong>Projekt Hope\/ Nadija<\/strong><\/a><\/p>\n<p><a href=\"https:\/\/www.semjoncontemporary.com\/2022\/wp-content\/uploads\/2026\/04\/2026_Maria-Volokhova_invitation-card_red.pdf\"><strong>Invitation card<\/strong><\/a><\/p>\n<p><b>Gallery Weekend\u00a0<\/b><b>Berlin<\/b><br \/>Gallery is open:<br \/>Fri: \u00a0 \u00a0 7 \u2013 10 pm<br \/>Sat: \u00a0 \u00a01 \u2013 7 p,<br \/>Sun: \u00a0 2 \u2013 5 pm<\/p>\n<p>[\/et_pb_text][\/et_pb_column][\/et_pb_row][\/et_pb_section]<\/p>\n","protected":false},"featured_media":7246,"parent":0,"menu_order":1,"template":"","meta":{"_acf_changed":false,"_et_pb_use_builder":"on","_et_pb_old_content":"","_et_gb_content_width":""},"categories":[72],"class_list":["post-7324","ausstellungen","type-ausstellungen","status-publish","has-post-thumbnail","hentry","category-aktuell"],"acf":[],"yoast_head":"<!-- This site is optimized with the Yoast SEO plugin v27.5 - https:\/\/yoast.com\/product\/yoast-seo-wordpress\/ -->\n<title>2026 \u2013 Maria Volokhova - Semjon Contemporary<\/title>\n<meta name=\"robots\" content=\"index, follow, max-snippet:-1, max-image-preview:large, max-video-preview:-1\" \/>\n<link rel=\"canonical\" href=\"https:\/\/www.semjoncontemporary.com\/2022\/en\/ausstellungen\/7324-2\/\" \/>\n<meta property=\"og:locale\" content=\"en_US\" \/>\n<meta property=\"og:type\" content=\"article\" \/>\n<meta property=\"og:title\" content=\"2026 \u2013 Maria Volokhova - Semjon Contemporary\" \/>\n<meta property=\"og:description\" content=\"Maria Volokhova: Hope\/ Nadija2.5. \u2013 13.6.2026Er\u00f6ffnung | Opening: Freitag, 1. Mai, 19 Uhr *Ein Teilerl\u00f6s geht an Starenki, einem Hilfsprojekt, das alleinstehende\u00e4ltere Menschen in der Ukraine unterstu\u0308tzt.A portion of the proceeds will go to Starenki, an aid project thatsupports elderly people living alone in Ukraine. PressetextPress releaseCV Projekt Hope\/ Nadija Invitation card Gallery Weekend\u00a0BerlinGallery is [&hellip;]\" \/>\n<meta property=\"og:url\" content=\"https:\/\/www.semjoncontemporary.com\/2022\/en\/ausstellungen\/7324-2\/\" \/>\n<meta property=\"og:site_name\" content=\"Semjon Contemporary\" \/>\n<meta property=\"article:publisher\" content=\"https:\/\/www.facebook.com\/semjon\/\" \/>\n<meta property=\"article:modified_time\" content=\"2026-05-02T08:26:01+00:00\" \/>\n<meta property=\"og:image\" content=\"https:\/\/www.semjoncontemporary.com\/2022\/wp-content\/uploads\/2026\/04\/Hope_Pflanzen-scaled.jpg\" \/>\n\t<meta property=\"og:image:width\" content=\"1668\" \/>\n\t<meta property=\"og:image:height\" content=\"2560\" \/>\n\t<meta property=\"og:image:type\" content=\"image\/jpeg\" \/>\n<meta name=\"twitter:card\" content=\"summary_large_image\" \/>\n<meta name=\"twitter:label1\" content=\"Est. reading time\" \/>\n\t<meta name=\"twitter:data1\" content=\"2 minutes\" \/>\n<script type=\"application\/ld+json\" class=\"yoast-schema-graph\">{\"@context\":\"https:\\\/\\\/schema.org\",\"@graph\":[{\"@type\":\"WebPage\",\"@id\":\"https:\\\/\\\/www.semjoncontemporary.com\\\/2022\\\/ausstellungen\\\/7324-2\\\/\",\"url\":\"https:\\\/\\\/www.semjoncontemporary.com\\\/2022\\\/ausstellungen\\\/7324-2\\\/\",\"name\":\"2026 \u2013 Maria Volokhova - Semjon Contemporary\",\"isPartOf\":{\"@id\":\"https:\\\/\\\/www.semjoncontemporary.com\\\/2022\\\/#website\"},\"primaryImageOfPage\":{\"@id\":\"https:\\\/\\\/www.semjoncontemporary.com\\\/2022\\\/ausstellungen\\\/7324-2\\\/#primaryimage\"},\"image\":{\"@id\":\"https:\\\/\\\/www.semjoncontemporary.com\\\/2022\\\/ausstellungen\\\/7324-2\\\/#primaryimage\"},\"thumbnailUrl\":\"https:\\\/\\\/www.semjoncontemporary.com\\\/2022\\\/wp-content\\\/uploads\\\/2026\\\/04\\\/Hope_Pflanzen-scaled.jpg\",\"datePublished\":\"2026-05-02T08:20:51+00:00\",\"dateModified\":\"2026-05-02T08:26:01+00:00\",\"breadcrumb\":{\"@id\":\"https:\\\/\\\/www.semjoncontemporary.com\\\/2022\\\/ausstellungen\\\/7324-2\\\/#breadcrumb\"},\"inLanguage\":\"en-US\",\"potentialAction\":[{\"@type\":\"ReadAction\",\"target\":[\"https:\\\/\\\/www.semjoncontemporary.com\\\/2022\\\/ausstellungen\\\/7324-2\\\/\"]}]},{\"@type\":\"ImageObject\",\"inLanguage\":\"en-US\",\"@id\":\"https:\\\/\\\/www.semjoncontemporary.com\\\/2022\\\/ausstellungen\\\/7324-2\\\/#primaryimage\",\"url\":\"https:\\\/\\\/www.semjoncontemporary.com\\\/2022\\\/wp-content\\\/uploads\\\/2026\\\/04\\\/Hope_Pflanzen-scaled.jpg\",\"contentUrl\":\"https:\\\/\\\/www.semjoncontemporary.com\\\/2022\\\/wp-content\\\/uploads\\\/2026\\\/04\\\/Hope_Pflanzen-scaled.jpg\",\"width\":1668,\"height\":2560},{\"@type\":\"BreadcrumbList\",\"@id\":\"https:\\\/\\\/www.semjoncontemporary.com\\\/2022\\\/ausstellungen\\\/7324-2\\\/#breadcrumb\",\"itemListElement\":[{\"@type\":\"ListItem\",\"position\":1,\"name\":\"Startseite\",\"item\":\"https:\\\/\\\/www.semjoncontemporary.com\\\/2022\\\/\"},{\"@type\":\"ListItem\",\"position\":2,\"name\":\"2026 \u2013 Maria Volokhova\"}]},{\"@type\":\"WebSite\",\"@id\":\"https:\\\/\\\/www.semjoncontemporary.com\\\/2022\\\/#website\",\"url\":\"https:\\\/\\\/www.semjoncontemporary.com\\\/2022\\\/\",\"name\":\"Semjon Contemporary\",\"description\":\"Galerie f\u00fcr zeitgen\u00f6ssische Kunst\",\"publisher\":{\"@id\":\"https:\\\/\\\/www.semjoncontemporary.com\\\/2022\\\/#organization\"},\"potentialAction\":[{\"@type\":\"SearchAction\",\"target\":{\"@type\":\"EntryPoint\",\"urlTemplate\":\"https:\\\/\\\/www.semjoncontemporary.com\\\/2022\\\/?s={search_term_string}\"},\"query-input\":{\"@type\":\"PropertyValueSpecification\",\"valueRequired\":true,\"valueName\":\"search_term_string\"}}],\"inLanguage\":\"en-US\"},{\"@type\":\"Organization\",\"@id\":\"https:\\\/\\\/www.semjoncontemporary.com\\\/2022\\\/#organization\",\"name\":\"Semjon Contemporary\",\"url\":\"https:\\\/\\\/www.semjoncontemporary.com\\\/2022\\\/\",\"logo\":{\"@type\":\"ImageObject\",\"inLanguage\":\"en-US\",\"@id\":\"https:\\\/\\\/www.semjoncontemporary.com\\\/2022\\\/#\\\/schema\\\/logo\\\/image\\\/\",\"url\":\"https:\\\/\\\/www.semjoncontemporary.com\\\/2022\\\/wp-content\\\/uploads\\\/2021\\\/11\\\/SC-logo.png\",\"contentUrl\":\"https:\\\/\\\/www.semjoncontemporary.com\\\/2022\\\/wp-content\\\/uploads\\\/2021\\\/11\\\/SC-logo.png\",\"width\":2221,\"height\":512,\"caption\":\"Semjon Contemporary\"},\"image\":{\"@id\":\"https:\\\/\\\/www.semjoncontemporary.com\\\/2022\\\/#\\\/schema\\\/logo\\\/image\\\/\"},\"sameAs\":[\"https:\\\/\\\/www.facebook.com\\\/semjon\\\/\",\"https:\\\/\\\/www.instagram.com\\\/semjoncontemporary\"]}]}<\/script>\n<!-- \/ Yoast SEO plugin. -->","yoast_head_json":{"title":"2026 \u2013 Maria Volokhova - Semjon Contemporary","robots":{"index":"index","follow":"follow","max-snippet":"max-snippet:-1","max-image-preview":"max-image-preview:large","max-video-preview":"max-video-preview:-1"},"canonical":"https:\/\/www.semjoncontemporary.com\/2022\/en\/ausstellungen\/7324-2\/","og_locale":"en_US","og_type":"article","og_title":"2026 \u2013 Maria Volokhova - Semjon Contemporary","og_description":"Maria Volokhova: Hope\/ Nadija2.5. \u2013 13.6.2026Er\u00f6ffnung | Opening: Freitag, 1. Mai, 19 Uhr *Ein Teilerl\u00f6s geht an Starenki, einem Hilfsprojekt, das alleinstehende\u00e4ltere Menschen in der Ukraine unterstu\u0308tzt.A portion of the proceeds will go to Starenki, an aid project thatsupports elderly people living alone in Ukraine. PressetextPress releaseCV Projekt Hope\/ Nadija Invitation card Gallery Weekend\u00a0BerlinGallery is [&hellip;]","og_url":"https:\/\/www.semjoncontemporary.com\/2022\/en\/ausstellungen\/7324-2\/","og_site_name":"Semjon Contemporary","article_publisher":"https:\/\/www.facebook.com\/semjon\/","article_modified_time":"2026-05-02T08:26:01+00:00","og_image":[{"width":1668,"height":2560,"url":"https:\/\/www.semjoncontemporary.com\/2022\/wp-content\/uploads\/2026\/04\/Hope_Pflanzen-scaled.jpg","type":"image\/jpeg"}],"twitter_card":"summary_large_image","twitter_misc":{"Est. reading time":"2 minutes"},"schema":{"@context":"https:\/\/schema.org","@graph":[{"@type":"WebPage","@id":"https:\/\/www.semjoncontemporary.com\/2022\/ausstellungen\/7324-2\/","url":"https:\/\/www.semjoncontemporary.com\/2022\/ausstellungen\/7324-2\/","name":"2026 \u2013 Maria Volokhova - Semjon Contemporary","isPartOf":{"@id":"https:\/\/www.semjoncontemporary.com\/2022\/#website"},"primaryImageOfPage":{"@id":"https:\/\/www.semjoncontemporary.com\/2022\/ausstellungen\/7324-2\/#primaryimage"},"image":{"@id":"https:\/\/www.semjoncontemporary.com\/2022\/ausstellungen\/7324-2\/#primaryimage"},"thumbnailUrl":"https:\/\/www.semjoncontemporary.com\/2022\/wp-content\/uploads\/2026\/04\/Hope_Pflanzen-scaled.jpg","datePublished":"2026-05-02T08:20:51+00:00","dateModified":"2026-05-02T08:26:01+00:00","breadcrumb":{"@id":"https:\/\/www.semjoncontemporary.com\/2022\/ausstellungen\/7324-2\/#breadcrumb"},"inLanguage":"en-US","potentialAction":[{"@type":"ReadAction","target":["https:\/\/www.semjoncontemporary.com\/2022\/ausstellungen\/7324-2\/"]}]},{"@type":"ImageObject","inLanguage":"en-US","@id":"https:\/\/www.semjoncontemporary.com\/2022\/ausstellungen\/7324-2\/#primaryimage","url":"https:\/\/www.semjoncontemporary.com\/2022\/wp-content\/uploads\/2026\/04\/Hope_Pflanzen-scaled.jpg","contentUrl":"https:\/\/www.semjoncontemporary.com\/2022\/wp-content\/uploads\/2026\/04\/Hope_Pflanzen-scaled.jpg","width":1668,"height":2560},{"@type":"BreadcrumbList","@id":"https:\/\/www.semjoncontemporary.com\/2022\/ausstellungen\/7324-2\/#breadcrumb","itemListElement":[{"@type":"ListItem","position":1,"name":"Startseite","item":"https:\/\/www.semjoncontemporary.com\/2022\/"},{"@type":"ListItem","position":2,"name":"2026 \u2013 Maria Volokhova"}]},{"@type":"WebSite","@id":"https:\/\/www.semjoncontemporary.com\/2022\/#website","url":"https:\/\/www.semjoncontemporary.com\/2022\/","name":"Semjon Contemporary","description":"Galerie f\u00fcr zeitgen\u00f6ssische Kunst","publisher":{"@id":"https:\/\/www.semjoncontemporary.com\/2022\/#organization"},"potentialAction":[{"@type":"SearchAction","target":{"@type":"EntryPoint","urlTemplate":"https:\/\/www.semjoncontemporary.com\/2022\/?s={search_term_string}"},"query-input":{"@type":"PropertyValueSpecification","valueRequired":true,"valueName":"search_term_string"}}],"inLanguage":"en-US"},{"@type":"Organization","@id":"https:\/\/www.semjoncontemporary.com\/2022\/#organization","name":"Semjon Contemporary","url":"https:\/\/www.semjoncontemporary.com\/2022\/","logo":{"@type":"ImageObject","inLanguage":"en-US","@id":"https:\/\/www.semjoncontemporary.com\/2022\/#\/schema\/logo\/image\/","url":"https:\/\/www.semjoncontemporary.com\/2022\/wp-content\/uploads\/2021\/11\/SC-logo.png","contentUrl":"https:\/\/www.semjoncontemporary.com\/2022\/wp-content\/uploads\/2021\/11\/SC-logo.png","width":2221,"height":512,"caption":"Semjon Contemporary"},"image":{"@id":"https:\/\/www.semjoncontemporary.com\/2022\/#\/schema\/logo\/image\/"},"sameAs":["https:\/\/www.facebook.com\/semjon\/","https:\/\/www.instagram.com\/semjoncontemporary"]}]}},"_links":{"self":[{"href":"https:\/\/www.semjoncontemporary.com\/2022\/en\/wp-json\/wp\/v2\/ausstellungen\/7324","targetHints":{"allow":["GET"]}}],"collection":[{"href":"https:\/\/www.semjoncontemporary.com\/2022\/en\/wp-json\/wp\/v2\/ausstellungen"}],"about":[{"href":"https:\/\/www.semjoncontemporary.com\/2022\/en\/wp-json\/wp\/v2\/types\/ausstellungen"}],"wp:featuredmedia":[{"embeddable":true,"href":"https:\/\/www.semjoncontemporary.com\/2022\/en\/wp-json\/wp\/v2\/media\/7246"}],"wp:attachment":[{"href":"https:\/\/www.semjoncontemporary.com\/2022\/en\/wp-json\/wp\/v2\/media?parent=7324"}],"wp:term":[{"taxonomy":"category","embeddable":true,"href":"https:\/\/www.semjoncontemporary.com\/2022\/en\/wp-json\/wp\/v2\/categories?post=7324"}],"curies":[{"name":"wp","href":"https:\/\/api.w.org\/{rel}","templated":true}]}}

<p>[et_pb_section fb_built=&#8220;1&#8243; admin_label=&#8220;section&#8220; _builder_version=&#8220;4.16&#8243; global_colors_info=&#8220;{}&#8220;][et_pb_row admin_label=&#8220;row&#8220; _builder_version=&#8220;4.16&#8243; background_size=&#8220;initial&#8220; background_position=&#8220;top_left&#8220; background_repeat=&#8220;repeat&#8220; global_colors_info=&#8220;{}&#8220;][et_pb_column type=&#8220;4_4&#8243; _builder_version=&#8220;4.16&#8243; custom_padding=&#8220;|||&#8220; global_colors_info=&#8220;{}&#8220; custom_padding__hover=&#8220;|||&#8220;][et_pb_gallery gallery_ids=&#8220;7246,7247,7245&#8243; _builder_version=&#8220;4.27.6&#8243; _module_preset=&#8220;default&#8220; global_colors_info=&#8220;{}&#8220;][/et_pb_gallery][et_pb_text _builder_version=&#8220;4.27.6&#8243; _module_preset=&#8220;default&#8220; global_colors_info=&#8220;{}&#8220;]</p>
<p><em><strong>Maria Volokhova: Hope/ Nadija</strong></em><br />2.5. – 13.6.2026<br />Eröffnung | Opening: Freitag, 1. Mai, 19 Uhr</p>
<p>*Ein Teilerlös geht an <em>Starenki</em>, einem Hilfsprojekt, das alleinstehende<br />ältere Menschen in der Ukraine unterstützt.<br />A portion of the proceeds will go to <em>Starenki</em>, an aid project that<br />supports elderly people living alone in Ukraine.</p>
<p><strong>Pressetext<br /></strong><strong>Press release<br />CV</strong></p>
<p><a href="https://www.semjoncontemporary.com/2022/wp-content/uploads/2026/04/Maria-Volokhova_Projektidee_Nadija_k.pdf"><strong>Projekt Hope/ Nadija</strong></a></p>
<p><a href="https://www.semjoncontemporary.com/2022/wp-content/uploads/2026/04/2026_Maria-Volokhova_invitation-card_red.pdf"><strong>Invitation card</strong></a></p>
<p><b>Gallery Weekend </b><b>Berlin</b><br />Gallery is open:<br />Fri:     7 – 10 pm<br />Sat:    1 – 7 p,<br />Sun:   2 – 5 pm</p>
<p>[/et_pb_text][/et_pb_column][/et_pb_row][/et_pb_section]</p>

<!-- This site is optimized with the Yoast SEO plugin v27.5 - https://yoast.com/product/yoast-seo-wordpress/ -->
<title>2026 – Maria Volokhova - Semjon Contemporary</title>
<meta name="robots" content="index, follow, max-snippet:-1, max-image-preview:large, max-video-preview:-1" />
<link rel="canonical" href="https://www.semjoncontemporary.com/2022/en/ausstellungen/7324-2/" />
<meta property="og:locale" content="en_US" />
<meta property="og:type" content="article" />
<meta property="og:title" content="2026 – Maria Volokhova - Semjon Contemporary" />
<meta property="og:description" content="Maria Volokhova: Hope/ Nadija2.5. – 13.6.2026Eröffnung | Opening: Freitag, 1. Mai, 19 Uhr *Ein Teilerlös geht an Starenki, einem Hilfsprojekt, das alleinstehendeältere Menschen in der Ukraine unterstützt.A portion of the proceeds will go to Starenki, an aid project thatsupports elderly people living alone in Ukraine. PressetextPress releaseCV Projekt Hope/ Nadija Invitation card Gallery Weekend BerlinGallery is [&hellip;]" />
<meta property="og:url" content="https://www.semjoncontemporary.com/2022/en/ausstellungen/7324-2/" />
<meta property="og:site_name" content="Semjon Contemporary" />
<meta property="article:publisher" content="https://www.facebook.com/semjon/" />
<meta property="article:modified_time" content="2026-05-02T08:26:01+00:00" />
<meta property="og:image" content="https://www.semjoncontemporary.com/2022/wp-content/uploads/2026/04/Hope_Pflanzen-scaled.jpg" />
	<meta property="og:image:width" content="1668" />
	<meta property="og:image:height" content="2560" />
	<meta property="og:image:type" content="image/jpeg" />
<meta name="twitter:card" content="summary_large_image" />
<meta name="twitter:label1" content="Est. reading time" />
	<meta name="twitter:data1" content="2 minutes" />
<script type="application/ld+json" class="yoast-schema-graph">{"@context":"https:\/\/schema.org","@graph":[{"@type":"WebPage","@id":"https:\/\/www.semjoncontemporary.com\/2022\/ausstellungen\/7324-2\/","url":"https:\/\/www.semjoncontemporary.com\/2022\/ausstellungen\/7324-2\/","name":"2026 – Maria Volokhova - Semjon Contemporary","isPartOf":{"@id":"https:\/\/www.semjoncontemporary.com\/2022\/#website"},"primaryImageOfPage":{"@id":"https:\/\/www.semjoncontemporary.com\/2022\/ausstellungen\/7324-2\/#primaryimage"},"image":{"@id":"https:\/\/www.semjoncontemporary.com\/2022\/ausstellungen\/7324-2\/#primaryimage"},"thumbnailUrl":"https:\/\/www.semjoncontemporary.com\/2022\/wp-content\/uploads\/2026\/04\/Hope_Pflanzen-scaled.jpg","datePublished":"2026-05-02T08:20:51+00:00","dateModified":"2026-05-02T08:26:01+00:00","breadcrumb":{"@id":"https:\/\/www.semjoncontemporary.com\/2022\/ausstellungen\/7324-2\/#breadcrumb"},"inLanguage":"en-US","potentialAction":[{"@type":"ReadAction","target":["https:\/\/www.semjoncontemporary.com\/2022\/ausstellungen\/7324-2\/"]}]},{"@type":"ImageObject","inLanguage":"en-US","@id":"https:\/\/www.semjoncontemporary.com\/2022\/ausstellungen\/7324-2\/#primaryimage","url":"https:\/\/www.semjoncontemporary.com\/2022\/wp-content\/uploads\/2026\/04\/Hope_Pflanzen-scaled.jpg","contentUrl":"https:\/\/www.semjoncontemporary.com\/2022\/wp-content\/uploads\/2026\/04\/Hope_Pflanzen-scaled.jpg","width":1668,"height":2560},{"@type":"BreadcrumbList","@id":"https:\/\/www.semjoncontemporary.com\/2022\/ausstellungen\/7324-2\/#breadcrumb","itemListElement":[{"@type":"ListItem","position":1,"name":"Startseite","item":"https:\/\/www.semjoncontemporary.com\/2022\/"},{"@type":"ListItem","position":2,"name":"2026 – Maria Volokhova"}]},{"@type":"WebSite","@id":"https:\/\/www.semjoncontemporary.com\/2022\/#website","url":"https:\/\/www.semjoncontemporary.com\/2022\/","name":"Semjon Contemporary","description":"Galerie für zeitgenössische Kunst","publisher":{"@id":"https:\/\/www.semjoncontemporary.com\/2022\/#organization"},"potentialAction":[{"@type":"SearchAction","target":{"@type":"EntryPoint","urlTemplate":"https:\/\/www.semjoncontemporary.com\/2022\/?s={search_term_string}"},"query-input":{"@type":"PropertyValueSpecification","valueRequired":true,"valueName":"search_term_string"}}],"inLanguage":"en-US"},{"@type":"Organization","@id":"https:\/\/www.semjoncontemporary.com\/2022\/#organization","name":"Semjon Contemporary","url":"https:\/\/www.semjoncontemporary.com\/2022\/","logo":{"@type":"ImageObject","inLanguage":"en-US","@id":"https:\/\/www.semjoncontemporary.com\/2022\/#\/schema\/logo\/image\/","url":"https:\/\/www.semjoncontemporary.com\/2022\/wp-content\/uploads\/2021\/11\/SC-logo.png","contentUrl":"https:\/\/www.semjoncontemporary.com\/2022\/wp-content\/uploads\/2021\/11\/SC-logo.png","width":2221,"height":512,"caption":"Semjon Contemporary"},"image":{"@id":"https:\/\/www.semjoncontemporary.com\/2022\/#\/schema\/logo\/image\/"},"sameAs":["https:\/\/www.facebook.com\/semjon\/","https:\/\/www.instagram.com\/semjoncontemporary"]}]}</script>
<!-- / Yoast SEO plugin. -->

Maria Volokhova: Hope/ Nadija2.5. – 13.6.2026Eröffnung | Opening: Freitag, 1. Mai, 19 Uhr *Ein Teilerlös geht an Starenki, einem Hilfsprojekt, das alleinstehendeältere Menschen in der Ukraine unterstützt.A portion of the proceeds will go to Starenki, an aid project thatsupports elderly people living alone in Ukraine. PressetextPress releaseCV Projekt Hope/ Nadija Invitation card Gallery Weekend BerlinGallery is [&hellip;]

Galerie für zeitgenössische Kunst
